(2 - -3) + (-15)/5. Let g(j) = -2*j**3 + 25*j - 2*j**k - 3*j**2 + 3*j**3 - 1 - 32*j. Let d = 9 + -3. Determine g(d).
-7
Let n(z) = z**2 - 2*z - 1. Suppose 7*t - 16 = 12. Let p = -10 - -16. Suppose l + t - p = 0. Give n(l).
-1
Let m(p) be the first derivative of p**3/3 - 3*p**2 + p - 19. What is m(3)?
-8
Let k(v) = -v - 3. Let a(o) = -3*o - 9. Let m(i) = -2*a(i) + 7*k(i). Determine m(-2).
-1
Let b(x) = 23*x**2 - x + 1. Let w(k) = -6*k - 3. Let a be w(-1). Suppose -o - 24 = -5*i, -5*i + 25 + 3 = a*o. Calculate b(o).
23
Suppose -45 = 2*a - 51. Let z(k) = -2*k + 4. What is z(a)?
-2
Suppose m - 14 = -4*l, -2*m - 3*m + 7 = -l. Let o(g) = 18*g - 4. Let k(u) = -6*u + 1. Let q(i) = -7*k(i) - 2*o(i). What is q(m)?
13
Let g(z) = -2*z - 1. Let t(s) = s + 1. Let b be t(3). Suppose 3*w - 2*d = 4, 2*w = 3*d + 2 - 1. Suppose 4*r = 5*c - 2*c + 2, 0 = b*c + w*r + 10. Give g(c).
3
Let c(r) be the first derivative of -3*r**2/2 + 9*r - 692. Suppose -3*d + 7 = -2*d. Determine c(d).
-12
Let h(k) be the third derivative of k**6/180 + k**5/40 + k**4/24 + 5*k**3/6 + 6*k**2. Let x(u) be the first derivative of h(u). Determine x(-3).
10
Let k(x) = -5*x**2 - 4*x + 16. Let m(f) = 13*f - 5 - 10 + 13*f + 4*f**2 - 23*f. Let w(r) = 3*k(r) + 4*m(r). Give w(0).
-12
Let a(t) be the first derivative of t**5/20 - t**4/12 + t**3/3 - t**2/2 - 30*t + 11. Let r(m) be the first derivative of a(m). Calculate r(2).
7
Suppose 2*z - 8 = 0, 19 + 4 = -5*t + 2*z. Let o(i) = i**3 + 2*i**2 - 1. Let a be o(t). Let d(u) = u**2 + 11*u + 14. Determine d(a).
4
Suppose -3*d = -3*j + 9, -6*d + 3*d + 6 = 0. Let s(y) = -2 + 0 - j*y**3 + 1 + 2*y**2 - 9*y**3. Determine s(1).
-13
Let l(r) = 53 - r**3 - 2*r + 5*r**2 + 50 - 105. Suppose -3*t - 2*v + 6 = 0, t - 9 - 7 = 4*v. What is l(t)?
6
Suppose -11*g - 10 = -10*g. Let h(b) = -b**3 - 11*b**2 - 11*b - 8. Determine h(g).
2
Let a be (-1 + (-3 - -3))*-59. Let w = a + -60. Let m(k) be the first derivative of 6*k**2 + k + 2. Determine m(w).
-11
Let p(g) = -96*g + 7. Let n(c) = 31*c - 2. Let d(m) = 3*n(m) + p(m). Suppose -3*v = -5*s + 11, -4*v + 5*s - 4 = 4. Calculate d(v).
-8
Let n(c) = 2*c - c**2 - 4*c**2 + 4*c**2. Let y be n(2). Let m(a) = -552*a**3 + 2*a + a**2 + 553*a**3 - 3*a - 1. Give m(y).
-1
Suppose -6 = -4*g - 2*g. Let t be g/(-5) - (-68)/(-10). Let h(j) = j + 3. What is h(t)?
-4
Let l(q) = 2*q**3 + q**3 - 2*q**3 + 19*q**2 - 14*q**2 + 6 - 10 + 5*q. Give l(-4).
-8
Let d(l) = 2*l**2 - 18*l + 1. Let j be (36/(-16))/((-4)/(-16)). Let h(v) = v**2 - 9*v + 1. Let o(s) = j*h(s) + 4*d(s). Give o(9).
-5
Let v(f) = 28*f**2 + 1 - 16*f**2 + 4*f**2. Determine v(1).
17
Suppose -2*l - 3*o + 11 = 1, 0 = l + o - 4. Suppose l*i = -5*s - 9 - 3, s - 8 = -3*i. Let d(m) = -m**2 - 4*m + 3. What is d(s)?
3
Let y = -116 + 118. Let d(p) = 116*p**2 + p**3 - 57*p**y - 56*p**2 + 2. Calculate d(-2).
6
Let b(q) = 5*q + 4. Let i(k) = -11*k - 9. Let s(t) = 13*b(t) + 6*i(t). Calculate s(-3).
1
Let m = -1 + -36. Let k = 35 + m. Let f(x) be the third derivative of -x**6/120 - x**5/20 + x**4/6 + x**3/2 + x**2. What is f(k)?
-9
Let l(v) = -40*v**2 + 3 + v**3 + 2*v + 11*v**2 + 3*v + 22*v**2 + 2*v. Determine l(6).
9
Let r(x) = 21*x**2 - x. Let y(m) = 4*m + 95. Let a be y(-24). What is r(a)?
22
Let c(q) = q**2 + 39 + 54 - 2*q**2 - 89. Calculate c(3).
-5
Let c = 13 + -11. Let q(s) = 2*s + 2*s**2 - s**3 - s**c + 0*s**2 - 4*s - 1. Determine q(2).
-9
Let d = 11 + -18. Let a = 6 + d. Let y(m) be the first derivative of 11*m**2/2 - m + 16. Determine y(a).
-12
Let t = -25 - -26. Suppose h + h = s, 4*h = -4*s + 12. Let j(a) = 8*a**2 - 1 + 3*a**2 - 2*a**2 + a**s. Give j(t).
9
Let g(d) be the first derivative of d**4/4 + 2*d**3 + 7*d**2/2 + 4*d - 20. Determine g(-4).
8
Suppose 4 + 10 = 7*f. Let q(k) = k**2 - 2 + 91*k - 45*k - 46*k. Give q(f).
2
Let k(c) = c + 1. Let d = 67 + -101. Let t = -37 - d. Give k(t).
-2
Let y = -7 - 0. Suppose 4*x = 12, 2*x = -4*t + 9*t + 71. Let h = t - y. Let g(j) = -j + 1. Calculate g(h).
7
Let s(t) = 9 + 125*t + 10 - 8 + 5 - 129*t. Determine s(4).
0
Let a(s) = s - 13. Suppose -2*c = 2*n - 16, 3*n = -0*c - c + 24. Determine a(n).
-5
Let v(z) be the first derivative of -z**4/4 - z**3 - z**2/2 + 2*z + 146. Calculate v(-2).
0
Let t(f) = 8*f - 2. Let x be (1 + -2)*(2 - 1)*-2. Let v be -3 - (x - 5 - 1). Determine t(v).
6
Let h be (28/3)/(196/168). Let x(t) = -5*t + 35. What is x(h)?
-5
Let x(k) = -k - 4. Let l be -2 + (-24)/(-10) + 4/(-10). Suppose 0*i + l*i = i. Calculate x(i).
-4
Let o be (6/7*(-189)/(-36))/3. Let d(p) be the second derivative of -6*p + 0 + o*p**2 + 1/6*p**3. Give d(-8).
-5
Let y(x) = -45*x + 20. Let g(s) = -14*s + 6. Let i(a) = -10*g(a) + 3*y(a). What is i(-5)?
-25
Let k(l) be the third derivative of l**6/120 - l**5/20 - 7*l**4/24 + l**3 - 11*l**2 - 3. What is k(4)?
-6
Let s(d) = d + 360 - 186 - 187. Give s(13).
0
Let b(x) = 7*x - 1. Let a(v) = v**2 + 12*v + 29. Let t be a(-5). What is b(t)?
-43
Let n(q) be the second derivative of -q**3/6 - 6*q**2 + 82*q - 2. Let r be -1*(2 - (-12)/(-2)). Suppose 5*d = r*m - 5, 2*d + 2*d + 40 = -4*m. What is n(d)?
-7
Let l be 604/302 - (-5 + 1 + -1). Let p(q) = 2*q - 17. Give p(l).
-3
Let u = 43 + -47. Let h be 5*u/(-80)*4. Let d(p) = -10*p**2 - p + 1. Determine d(h).
-10
Let q(n) be the third derivative of n**6/40 - n**5/30 + n**4/12 - n**3/3 + 450*n**2. Calculate q(2).
18
Let d(n) be the third derivative of n**6/120 + 7*n**5/60 + n**4/3 + 7*n**3/6 + 16*n**2. Let y(o) = o**3 + 4*o**2 - 5*o - 6. Let r be y(-5). Give d(r).
-5
Let x(c) be the second derivative of -c**3/6 - 3*c**2 - c. Let v(y) = y + 9. Let k = 9 + -18. Let t be v(k). What is x(t)?
-6
Suppose 3*c - 5*h + 6 = 0, -6*c + 5*c + 3*h = 2. Let y(q) = -6*q**2 - 1. Give y(c).
-25
Suppose 5*k + 13 = 3. Let i be (-165)/(-12) - k/8. Let f(a) = -5*a**2 - i*a + 7*a - 4 - 4*a**3 + 3*a**3 + 2*a. Determine f(-3).
-7
Suppose -5*h + p = -46, -2*p - 22 = -h - 5*p. Let v = 16 - h. Let l(n) = -7*n**2 - 5*n + 13. Let i(u) = -u**2 + 1. Let m(g) = v*i(g) - l(g). What is m(-5)?
-7
Suppose 2*f = -3*f + 30. Let m be (f/(-12))/((-1)/8). Suppose 19 = -5*u + m. Let y(x) = 2*x + 4. What is y(u)?
-2
Let f(p) = -27*p**2 - 6*p + 4. Let n(b) = -109*b**2 - 28*b + 17. Let d(v) = 9*f(v) - 2*n(v). Calculate d(-1).
-25
Let j(o) be the second derivative of o**4/12 + 5*o**3/3 + 13*o**2/2 + 15*o - 3. Give j(-8).
-3
Let r(b) be the third derivative of -5*b**4/12 - b**3/6 + 510*b**2. Determine r(-6).
59
Let s = -44 - -44. Let l be (1 - s)/((-78)/(-15) - 5). Let d(r) = 2*r - 4. Determine d(l).
6
Let q(n) be the third derivative of -n**6/120 + n**5/60 - n**4/12 + n**3/6 - 178*n**2. What is q(2)?
-7
Let y = 41 - 29. Let x = y - 17. Let u(g) = -g**2 - 2*g + 4. What is u(x)?
-11
Let s(g) be the first derivative of 2*g**2 + 17*g + 176. Give s(-3).
5
Let w(d) = d**2 - 11*d + 10. Let f be w(11). Suppose -f = 4*q + q. Let s(z) = -2*z + 8. Let m(y) = 2*y - 7. Let t(g) = -6*m(g) - 5*s(g). What is t(q)?
6
Let l(w) be the third derivative of -w**7/420 - w**6/180 - w**5/40 - 3*w**3/2 + w**2. Let y(q) be the first derivative of l(q). Calculate y(-2).
14
Let o = 7 + -18. Let b(y) be the first derivative of -y**2/2 - 13*y + 336. Give b(o).
-2
Suppose -5*l = -9 + 14. Let j(z) = -6*z - 3. Let x(r) = r + 1. Let v(b) = j(b) + 4*x(b). Calculate v(l).
3
Let h(y) = -2*y**3 + 3*y**2. Suppose 3*i + 2*m = 7*m + 53, -2*i + 3*m + 34 = 0. Let w be 2 - -4 - (2 - 0). Suppose -i = -w*d - 3. Calculate h(d).
-4
Let v be 10/4 + 6/12. Suppose v*x + 0*x = 9. Let y(j) = 0*j + j + x + 0 + j. What is y(-2)?
-1
Let r be -1*1/(-2)*8. Let t(c) = -10*c + 9. Let g(m) = -28*m + 26. Let f(w) = 4*g(w) - 11*t(w). Determine f(r).
-3
Let c(t) be the second derivative of -t**3/2 + 11*t**2 - 1095*t. Determine c(10).
-8
Let h be 1500/40*(-4)/(-5). Let n be (1/3)/(2/h). Let x(w) = -w**3 + 6*w**2 - 7*w. What is x(n)?
-10
Let k(h) = -13*h - h**3 + 35*h - 17 - 7*h + 12*h**2 - 13*h. Give k(12).
7
Let a(i) = -i**2 + 12*i - 15. Let o be 2788/272 + 2/(-8). Calculate a(o).
5
Let k(v) be the second derivative of -v**4/6 + v**3/6 - v + 3. Give k(-2).
-10
Let v(g) = 5*g**2 + 1. Let k = -594 - -595. What is v(k)?
6
Suppose -5*i - 15 = -10*i + 2*d, -2*d + 9 = 3*i. Let l(o) = 8*o + 6. Let w(b) = 4*b + 3. Let v(c) = -3*l(c) + 7*w(c). Calculate v(i).
15
Let k(z) = -5*z - 1 - 8